22349?
2
What is the hundred thousands digit of 372934?
3
What is the hundreds digit of 465689?
6
What is the ten thousands digit of 18089?
1
What is the ten thousands digit of 2416349?
1
What is the thousands digit of 181512?
1
What is the tens digit of 1797626?
2
What is the ten thousands digit of 2312322?
1
What is the hundreds digit of 356719?
7
What is the thousands digit of 6857482?
7
What is the tens digit of 536896?
9
What is the thousands digit of 121389?
1
What is the thousands digit of 208427?
8
What is the millions digit of 10745220?
0
What is the units digit of 3105429?
9
What is the ten millions digit of 18703007?
1
What is the hundred thousands digit of 7897415?
8
What is the units digit of 81561?
1
What is the hundreds digit of 407975?
9
What is the thousands digit of 1807827?
7
What is the tens digit of 9473774?
7
What is the hundreds digit of 2303768?
7
What is the thousands digit of 3678752?
8
What is the hundreds digit of 764651?
6
What is the units digit of 397655?
5
What is the units digit of 235375?
5
What is the units digit of 14875648?
8
What is the tens digit of 227917?
1
What is the units digit of 34844202?
2
What is the hundreds digit of 705740?
7
What is the tens digit of 6521327?
2
What is the hundreds digit of 2499750?
7
What is the hundred thousands digit of 859626?
8
What is the millions digit of 23793496?
3
What is the thousands digit of 399195?
9
What is the units digit of 3544?
4
What is the thousands digit of 320583?
0
What is the tens digit of 2329550?
5
What is the tens digit of 264786?
8
What is the thousands digit of 776305?
6
What is the hundred thousands digit of 3472463?
4
What is the thousands digit of 529905?
9
What is the units digit of 4030?
0
What is the hundreds digit of 3966913?
9
What is the millions digit of 1122668?
1
What is the hundreds digit of 307216?
2
What is the hundreds digit of 910427?
4
What is the thousands digit of 202021?
2
What is the thousands digit of 96466?
6
What is the hundred thousands digit of 316784?
3
What is the hundreds digit of 8567856?
8
What is the thousands digit of 164909?
4
What is the thousands digit of 57718?
7
What is the thousands digit of 242964?
2
What is the units digit of 211260?
0
What is the units digit of 10176943?
3
What is the tens digit of 114871?
7
What is the ten thousands digit of 945484?
4
What is the hundred thousands digit of 6469496?
4
What is the tens digit of 1515403?
0
What is the hundreds digit of 286914?
9
What is the tens digit of 16982?
8
What is the ten thousands digit of 26420289?
2
What is the thousands digit of 1530245?
0
What is the hundred thousands digit of 252728?
2
What is the thousands digit of 183887?
3
What is the ten thousands digit of 678971?
7
What is the units digit of 3118952?
2
What is the tens digit of 116373?
7
What is the hundreds digit of 78520?
5
What is the tens digit of 286219?
1
What is the ten thousands digit of 2562996?
6
What is the units digit of 900679?
9
What is the tens digit of 1789637?
3
What is the thousands digit of 3224507?
4
What is the thousands digit of 93430?
3
What is the thousands digit of 1009429?
9
What is the thousands digit of 330429?
0
What is the ten thousands digit of 1701639?
0
What is the hundreds digit of 109809?
8
What is the units digit of 16789275?
5
What is the thousands digit of 2171651?
1
What is the tens digit of 233482?
8
What is the hundreds digit of 1347498?
4
What is the hundred thousands digit of 251241?
2
What is the thousands digit of 8940390?
0
What is the thousands digit of 3603?
3
What is the units digit of 229361?
1
What is the hundreds digit of 149786?
7
What is the hundreds digit of 19134?
1
What is the hundreds digit of 599641?
6
What is the tens digit of 9505769?
6
What is the tens digit of 6865309?
0
What is the millions digit of 6700426?
6
What is the units digit of 107348?
8
What is the thousands digit of 86955?
6
What is the thousands digit of 5846952?
6
What is the thousands digit of 75906?
5
What is the hundred thousands digit of 313767?
3
What is the ten thousands digit of 2038878?
3
What is the thousands digit of 181598?
1
What is the tens digit of 617227?
2
What is the hundreds digit of 565191?
1
What is the ten thousands digit of 339452?
3
What is the thousands digit of 2318726?
8
What is the thousands digit of 1460304?
0
What is the thousands digit of 2214316?
4
What is the thousands digit of 392947?
2
What is the ten thousands digit of 220604?
2
What is the tens digit of 1226990?
9
What is the hundred thousands digit of 637188?
6
What is the millions digit of 3125166?
3
What is the ten thousands digit of 178927?
7
What is the thousands digit of 3172774?
2
What is the hundreds digit of 4041484?
4
What is the units digit of 1743440?
0
What is the millions digit of 7118628?
7
What is the hundred thousands digit of 121208?
1
What is the units digit of 7811655?
5
What is the hundreds digit of 1774194?
1
What is the hundred thousands digit of 627016?
6
What is the tens digit of 272604?
0
What is the hundreds digit of 3886501?
5
What is the units digit of 526608?
8
What is the tens digit of 24414930?
3
What is the ten millions digit of 11452058?
1
What is the thousands digit of 361350?
1
What is the hundred thousands digit of 6864857?
8
What is the hundred thousands digit of 2908973?
9
What is the hundreds digit of 799467?
4
What is the hundreds digit of 5877911?
9
What is the ten millions digit of 16734557?
1
What is the hundreds digit of 1115689?
6
What is the ten thousands digit of 254731?
5
What is the tens digit of 35975013?
1
What is the thousands digit of 316990?
6
What is the tens digit of 26210173?
7
What is the tens digit of 7257968?
6
What is the tens digit of 330129?
2
What is the units digit of 1538163?
3
What is the thousands digit of 909812?
9
What is the tens digit of 10826166?
6
What is the thousands digit of 34511?
4
What is the ten thousands digit of 64884?
6
What is the hundred thousands digit of 613062?
6
What is the thousands digit of 7673398?
3
What is the thousands digit of 1578311?
8
What is the hundreds digit of 232660?
6
What is the thousands digit of 1038627?
8
What is the tens digit of 606533?
3
What is the hundred thousands digit of 10583806?
5
What is the millions digit of 1168353?
1
What is the hundreds digit of 5644907?
9
What is the hundreds digit of 2462817?
8
What is the hundreds digit of 234285?
2
What is the tens digit of 5674553?
5
What is the hundred thousands digit of 1403454?
4
What is the thousands digit of 968777?
8
What is the units digit of 583027?
7
What is the ten thousands digit of 90448?
9
What is the ten thousands digit of 514317?
1
What is the hundreds digit of 742124?
1
What is the units digit of 150395?
5
What is the tens digit of 103548?
4
What is the ten thousands digit of 605921?
0
What is the ten thousands digit of 4493513?
9
What is the tens digit of 3504055?
5
What is the millions digit of 7335400?
7
What is the tens digit of 1801343?
4
What is the hundreds digit of 10700022?
0
What is the tens digit of 656649?
4
What is the ten thousands digit of 307277?
0
What is the millions digit of 1043232?
1
What is the units digit of 125756?
6
What is the tens digit of 1051940?
4
What is the ten thousands digit of 14442356?
4
What is the hundred thousands digit of 9018086?
0
What is the tens digit of 146876?
7
What is the ten thousands digit of 165995?
6
What is the units digit of 14316866?
6
What is the thousands digit of 572462?
2
What is the ten thousands digit of 310127?
1
What is the tens digit of 205758?
5
What is the hundred thousands digit of 171826?
1
What is the hundreds digit of 219764?
7
What is the thousands digit of 374526?
4
What is the thousands digit of 95862?
5
What is the millions digit of 2647162?
2
What is the millions digit of 11797100?
1
What is the tens digit of 275560?
6
What is the ten thousands digit of 1521592?
2
What is the tens digit of 2781414?
1
What is the hundreds digit of 33546?
5
What is the units digit of 9107942?
2
What is the thousands digit of 61231?
1
What is the hundreds digit of 401315?
3
What is the thousands digit of 251572?
1
What is the units digit of 685659?
9
What is the ten thousands digit of 1525745?
2
What is the ten thousands digit of 38009289?
0
